?
-32
In base 5, what is 10 - 331?
-321
In base 2, what is -1 - 1000010111110?
-1000010111111
In base 13, what is 1367 + 3?
136a
In base 2, what is -1011100100101 + 0?
-1011100100101
In base 4, what is -21203 + 1?
-21202
In base 3, what is -2111 - 2020?
-11201
In base 9, what is 73 - 13?
60
In base 3, what is 220 + -21?
122
In base 6, what is 22415 - -3?
22422
In base 6, what is -3 + 530?
523
In base 3, what is 110 + 1?
111
In base 2, what is -1101 + 110101?
101000
In base 7, what is -3 + -56?
-62
In base 12, what is 3b + 22?
61
In base 15, what is 206 - -1?
207
In base 8, what is 1 - -31?
32
In base 12, what is 234 - 2?
232
In base 7, what is -35536 - -5?
-35531
In base 10, what is 4 + 85?
89
In base 12, what is -3 - -40?
39
In base 5, what is 3 - 12213?
-12210
In base 11, what is -23298 + 5?
-23293
In base 16, what is 0 - -55?
55
In base 7, what is -5453 - 0?
-5453
In base 9, what is -5 + 4470?
4464
In base 13, what is 12c5 + 1?
12c6
In base 11, what is -4 + -44?
-48
In base 12, what is -b4 + -3?
-b7
In base 8, what is -14 - -23?
7
In base 11, what is 449 - -2?
450
In base 10, what is -1 + 395?
394
In base 6, what is 315 + -13?
302
In base 16, what is -10 - -44?
34
In base 2, what is 100100110 + 11?
100101001
In base 6, what is -240 - -120?
-120
In base 16, what is -7 + -140?
-147
In base 10, what is -1030 + 5?
-1025
In base 14, what is -b0 - 4?
-b4
In base 16, what is 5 + -50?
-4b
In base 10, what is 3 - -6678?
6681
In base 3, what is -1 + -201012?
-201020
In base 12, what is 2 - 88?
-86
In base 12, what is -15a0 - -5?
-1597
In base 4, what is 1010 + 113?
1123
In base 12, what is 4 + -151?
-149
In base 9, what is 243 + 3?
246
In base 13, what is 5 + 2a2?
2a7
In base 3, what is -11 - -12?
1
In base 16, what is -50 + 0?
-50
In base 4, what is 20 + 31112?
31132
In base 3, what is 2 - -11010212?
11010221
In base 13, what is -76 + a?
-69
In base 13, what is 0 + -16?
-16
In base 5, what is -10 + -31440?
-32000
In base 2, what is -11100101000 - -11?
-11100100101
In base 14, what is d - -8?
17
In base 4, what is -11330 - 20?
-12010
In base 8, what is -143 + -21?
-164
In base 2, what is 1000001 + 110111?
1111000
In base 14, what is 2 - -1b?
1d
In base 13, what is 6 - a?
-4
In base 15, what is -3043 + 4?
-303e
In base 4, what is -11 - -123?
112
In base 7, what is 24 + -5?
16
In base 2, what is -1 + -11100?
-11101
In base 12, what is 309 - -5?
312
In base 14, what is -4 - 31?
-35
In base 8, what is -26 - 3?
-31
In base 4, what is -2 - 11033?
-11101
In base 14, what is 5 + -83?
-7c
In base 13, what is 5b6 + -4?
5b2
In base 6, what is -1111 + 1?
-1110
In base 12, what is -1a + -64?
-82
In base 15, what is -135 + -5?
-13a
In base 3, what is 2210 - -120?
10100
In base 4, what is 10 - 2030?
-2020
In base 11, what is 3 + a57?
a5a
In base 14, what is -11 + -1?
-12
In base 10, what is -4 - -146?
142
In base 12, what is 3 - -5795?
5798
In base 6, what is -1432 - 2?
-1434
In base 3, what is 222102 + 0?
222102
In base 15, what is 1 + -1d?
-1c
In base 9, what is -320 + -7?
-327
In base 16, what is -10e6 - 5?
-10eb
In base 11, what is 2019 + -5?
2014
In base 8, what is -6 - 260?
-266
In base 8, what is -11 + 30?
17
In base 4, what is 10 - 23110?
-23100
In base 6, what is -1 + 1?
0
In base 6, what is 5 - -1033?
1042
In base 6, what is 2 + -134?
-132
In base 11, what is -1 + -1a?
-20
In base 11, what is -1 - 483?
-484
In base 11, what is 5 + -180a?
-1805
In base 7, what is 236 - -30?
266
In base 11, what is 3 + 320?
323
In base 6, what is -1 - -1042?
1041
In base 12, what is 2 - -2725?
2727
In base 3, what is -2 + -221211?
-221220
In base 3, what is -2210 - -12?
-2121
In base 9, what is 2 - -285?
287
In base 3, what is 202 + -111101?
-110122
In base 16, what is 3 - -21d?
220
In base 15, what is 5 + 3?
8
In base 11, what is -9 + 141?
133
In base 8, what is 60 - -35?
115
In base 6, what is -1140 + -3?
-1143
In base 11, what is 5 - 44?
-3a
In base 10, what is 51 - -6?
57
In base 15, what is -c - d0d?
-d1a
In base 14, what is -6 - 1414?
-141a
In base 6, what is 330 + -243?
43
In base 6, what is 23 + -1010?
-543
In base 11, what is 1 + -122?
-121
In base 6, what is 123 + 521?
1044
In base 5, what is 2 + 3240?
3242
In base 6, what is 53540 + -3?
53533
In base 15, what is 3 - 1157?
-1154
In base 16, what is -17 - 0?
-17
In base 13, what is -2 + 1b?
19
In base 2, what is -1 + -10101000?
-10101001
In base 9, what is 1812 - 0?
1812
In base 2, what is -101011 - -11?
-101000
In base 14, what is 14 + d?
23
In base 6, what is 2 + 1140?
1142
In base 14, what is 4 - da?
-d6
In base 8, what is -32 + 2?
-30
In base 15, what is 45b6 + -3?
45b3
In base 11, what is 506 + -1?
505
In base 15, what is 6 + -112?
-10b
In base 8, what is 25 - 30?
-3
In base 10, what is 80 - 5?
75
In base 14, what is -1 - 1db?
-1dc
In base 11, what is 57 - -5?
61
In base 16, what is 5 - 2c0?
-2bb
In base 6, what is 4 - -144?
152
In base 8, what is 547 - 5?
542
In base 7, what is -1 + 103?
102
In base 12, what is -2 + 189?
187
In base 13, what is -106 + 6c?
-67
In base 16, what is 4 + -42?
-3e
In base 3, what is 1021 + -11?
1010
In base 2, what is 10110100 + -10?
10110010
In base 12, what is 5 + 7a?
83
In base 10, what is 20 - 194?
-174
In base 15, what is -1 + a07?
a06
In base 8, what is 777 - -1?
1000
In base 7, what is 10 + -346?
-336
In base 16, what is -2e0 - -4?
-2dc
In base 8, what is -34 + 5?
-27
In base 12, what is 2a + 14?
42
In base 4, what is 310131 + 2?
310133
In base 11, what is 5 + -70?
-66
In base 10, what is -681 + -3?
-684
In base 15, what is 16 - -2?
18
In base 12, what is 20aa1 - 0?
20aa1
In base 9, what is 123 - 31?
82
In base 2, what is -100 - -1001000010?
1000111110
In base 16, what is -1ea - -d?
-1dd
In base 11, what is -5 - 435?
-43a
In base 5, what is 31000 + 1?
31001
In base 14, what is 13ab + -1?
13aa
In base 6, what is -1 - -150?
145
In base 16, what is -1 + -14a?
-14b
In base 2, what is 10 - -1101111011001?
1101111011011
In base 3, what is -11011 + -1?
-11012
In base 11, what is -3 + 99?
96
In base 11, what is 7 + 1a?
26
In base 13, what is -723 - -4?
-71c
In base 16, what is -5 - f?
-14
In base 4, what is -1220 - 2?
-1222
In base 10, what is 140 - -2?
142
In base 5, what is -10 + 11310?
11300
In base 8, what is -2737 + -5?
-2744
In base 3, what is -2220 + 2001?
-212
In base 8, what is -5 - -3001?
2774
In base 11, what is 3818 + -2?
3816
In base 16, what is 4 + -72?
-6e
In base 7, what is -361 + -120?
-511
In base 7, what is -5 - 5210?
-5215
In base 4, what is -2131 + 10?
-2121
In base 6, what is 3 - 211?
-204
In base 11, what is 427 - -19?
445
In base 12, what is 2 - 112?
-110
In base 4, what is -321111 + 10?
-321101
In base 16, what is 10e + -5?
109
In base 7, what is 0 - -160?
160
In base 2, what is 1101010 - 11101?
1001101
In base 2, what is 100 + 10100101010?
10100101110
In base 16, what is 3 + -25?
-22
In base 9, what is 83 + 12?
105
In base 2, what is 10000110 + 101?
10001011
In base 6, what is 224 - 5?
215
In base 8, what is -20 - -205?
165
In base 16, what is 95 - -b?
a0
In base 3, what is 10222011 - -2?
10222020
In base 8, what is -610 - 1?
-611
In base 8, what is 27 + 4?
33
In base 2, what is -100001 - 1?
-100010
In base 10, what is -1 - -408?
407
In base 12, what is 8 + -35?
-29
In base 3, what is 12 - -20120?
20202
In base 13, what is 4 + -13?
-c
In base 5, what is -410 + -241?
-1201
In base 5, what is 134 + 11?
200
In base 7, what is 13 - -24?
40
In base 8, what is -63 - 63?
-146
In base 8, what is 2 + 1612?
1614
In base 4, what is 2230 - -100?
2330
In base 2, what is -100100 + -110111?
-1011011
In base 3, what is 1011 + -100?
211
In base 10, what is -3 + 1183?
1180
In base 3, what is -2101 + 2?
-2022
In base 7, what is -2 - 5052?
-5054
In base 3, what is 12110 - -1012?
20122
In base 11, what is 5 - 18?
-13
In base 10, what is -48 - -4?
-44
In base 2, what is 11001100100011 - -11?
11001100100110
In base 16, what is 8 + -15c?
-154
In base 3, what is -20001 - -2?
-12222
In base 16, what is 2b - -13?
3e
In base 14, what is 1d2 + -5?
1cb
In base 9, what is 5 - 3813?
-3807
In base 16, what is -14f + -4d?
-19c
In base 13, what is 6 + 16?
1c
In base 14, what is 25 - -20?
45
In base 15, what is 25e + 9?
268
In base 12, what is -5082 + 2?
-5080
In base 7, what is 310 - 0?